ppose n = -n + 20. What is the highest common divisor of n and k?
10
Suppose 4*z - 9 = 11. Let i be (-3 + z)/((-1)/(-5)). Let r = i - -15. What is the greatest common factor of 5 and r?
5
Let s = 202 + -190. What is the greatest common factor of s and 228?
12
Let t(k) = -k**3 - 9*k**2 + 11*k + 263. Let c be t(-11). What is the greatest common divisor of 24 and c?
24
Suppose 2*c - 8*w - 105 = -3*w, -5*c + 4*w + 271 = 0. Calculate the highest common factor of 66 and c.
11
Let b be 12 + ((-20)/15)/(24/(-54)). Let z = -3 - -2. Let w(c) = -119*c**3 + c**2. Let a be w(z). What is the highest common factor of b and a?
15
Let l = 72 + -42. Suppose -l = -x - j, -x + 2*x + 3*j = 30. What is the highest common divisor of x and 45?
15
Suppose -5*w = 2*h - 1058, -6*w + w + 1042 = -2*h. What is the highest common factor of 350 and w?
70
Let b(n) = 10*n**2 + 2*n - 1. Suppose 7 = 3*g + 4. Let u be b(g). Let j be 33/(0 - -1 - 0). Calculate the highest common divisor of j and u.
11
Suppose 5*o - 1 = 24, 20 = 5*d - 4*o. Let n = d + 24. Suppose 5*s = 12 + 8. Calculate the highest common factor of n and s.
4
Let q(v) = v. Let g be q(-1). Let z be 0/((-1 - -4) + g). Suppose z = 2*p - 132 - 66. Calculate the highest common factor of 9 and p.
9
Let z = -12 + 14. Suppose 14 = 4*u - 3*u. Calculate the greatest common factor of z and u.
2
Let w = 35 - 19. Let g be 182 - (1*18/(-144) + (-98)/(-16)). What is the greatest common divisor of w and g?
16
Let x be (-278)/(-7 + 2 + 3). Let a = 315 - x. What is the highest common factor of 22 and a?
22
Let c = 23 - 25. Let n be (-5)/(-15)*(-30)/c. Calculate the highest common divisor of n and 55.
5
Suppose 2*z = 2*h + 24, 0 = -4*h - 3*z - 20 - 14. Let f = -3 - h. Calculate the greatest common divisor of f and 70.
7
Suppose -3*m - 49 + 67 = 0. What is the highest common factor of 9 and m?
3
Let s(l) = -25*l + 3. Let v be s(2). Let f = v + 123. What is the greatest common divisor of 190 and f?
38
Let s = 1163 + -1153. Let d be (-1)/((-1)/4)*13. Suppose 7*r - 3*r = -x + 83, 2*r = -4*x + d. Calculate the greatest common factor of s and r.
10
Let i(o) = 9*o**2 + 3*o - 4. Let p be i(-4). Suppose -241 = -30*l + 215 + 24. Calculate the greatest common divisor of p and l.
16
Suppose 10*m - 6*m = 28. Let t be (2/6)/(3/36). Suppose -2*p + m = 3*g, -g = -p - 8 + t. What is the highest common divisor of 9 and g?
3
Suppose 17*s + 240 = 37*s. Calculate the highest common factor of s and 324.
12
Let g(f) = -f + 10. Let r be g(0). Suppose l = r*l - 45. Suppose 0 = -3*u + 2*o - 1 - 0, -4*u + 10 = 3*o. Calculate the highest common factor of u and l.
1
Let k(t) = 2*t**2 - 14*t + 4. Let s be k(7). Let u = 4 + -1. Suppose -3*n + 3 = u*g, n - 4*g = 2 + s. What is the highest common divisor of 22 and n?
2
Suppose -5*d + 4*s + 26 = 0, 0 = 4*s - 3 - 1. Let b(a) = a**3 - 6*a**2 + 6*a - 12. Let h be b(d). What is the highest common divisor of h and 36?
12
Let p be (-13)/(325/(-255))*5. What is the greatest common divisor of p and 51?
51
Suppose -44 = -2*t - 0*t + 2*p, -5*t = 2*p - 75. Let s = -31 + t. Let n = 17 + s. Calculate the highest common divisor of n and 24.
3
Let i(p) = -p**3 - 18*p**2 + 17*p - 13. Let n be i(-19). Calculate the greatest common factor of 200 and n.
25
Let j = 65 - 17. Suppose 3*w + 4*k = 108, 0*w - 5*k = -2*w + 49. Calculate the highest common divisor of w and j.
16
Suppose 0*l - 156 = -3*o + 3*l, 0 = 5*o + 4*l - 278. Suppose -5*q + 196 = -479. Calculate the highest common divisor of o and q.
27
Suppose -11*b + 9 + 134 = 0. What is the highest common divisor of b and 325?
13
Suppose -3*k + 3*v + 112 = -146, -4*k = -3*v - 339. Calculate the highest common divisor of k and 2835.
81
Suppose n - 2*n = s - 9, -s = 3*n - 9. What is the highest common factor of s and 66?
3
Let p = -6 - -10. Suppose 61 = p*l + 17. Calculate the highest common factor of l and 110.
11
Let w(y) = -4*y - 8. Let u be w(-9). Let g be ((-42)/u)/((-6)/160). Let f = 5 - 0. Calculate the greatest common divisor of g and f.
5
Suppose -11 = 4*v - 5*g, 0 = -19*v + 17*v + g - 1. Calculate the highest common factor of 19 and v.
1
Let k(s) = -9*s**2 - 141*s - 23. Let i be k(-14). Let l = 2 - -15. Calculate the greatest common factor of i and l.
17
Let u = 319 - 202. What is the highest common factor of u and 52?
13
Suppose -552*f - 420 = -558*f. What is the greatest common factor of 77 and f?
7
Let w(y) = 2*y**2 + 3*y + 30. Let a be w(-9). Calculate the highest common factor of a and 30.
15
Suppose -2*z = -2*h - 92, -h + 222 = 5*z - 2*h. Let o = -277 + 288. Calculate the greatest common factor of z and o.
11
Let x be 1 - -7 - (0 - -2). Let b be 6/(-18) - (-38)/x. Calculate the highest common factor of 2 and b.
2
Let v(u) = 12*u**2 - 82*u - 10. Let r be v(7). Calculate the highest common divisor of 96 and r.
4
Let b be (76/4 - -8) + -8. What is the greatest common factor of 209 and b?
19
Suppose -38 = -4*k + 2*a + 16, 3*k - a - 38 = 0. Calculate the highest common factor of k and 55.
11
Let s be (18/(-15))/(10/(-325)). Let q be (5 - 0)*(-702)/(-10). Calculate the highest common factor of s and q.
39
Let r(i) = i + 28. Let j(s) = -7*s + 12. Let t be j(3). Let g be r(t). Calculate the highest common divisor of g and 152.
19
Let z be -1*(-1)/(-1)*-3. Suppose z*i = 4*i - 2*x - 68, i - x = 69. Let j = -224 - -238. What is the greatest common factor of j and i?
14
Suppose y - 180 = -8*y. Suppose 23*x - 21*x = y. What is the greatest common factor of x and 50?
10
Let u be 1 + (-9)/((-36)/56). Suppose -4*v - u = -f, -5*v = -2*f + 36 - 12. Suppose -5*r + 224 = -r. What is the highest common factor of f and r?
7
Suppose 31*n = 14*n + 221. What is the greatest common factor of n and 221?
13
Let i be 90 - (7 + (1 - 2)). What is the greatest common factor of i and 24?
12
Let a(d) = -3*d + 55. Let i be a(17). Suppose 0 = u - s - 8, -i*s + 1 = -u + 24. What is the highest common divisor of 24 and u?
3
Suppose 5*q - 1296 = q. Suppose -5*r + 2*r + 3*y + q = 0, 0 = -3*r - y + 312. What is the greatest common divisor of 35 and r?
35
Let j(n) = -n**3 + 9*n**2 + 7. Let f be j(9). Let d be 69/f - (-4)/28. Suppose d*c - 40 = 8*c. What is the highest common divisor of 100 and c?
20
Suppose 5*v - 3*v + 3*k - 165 = 0, 2*k + 140 = 2*v. Calculate the greatest common divisor of v and 50.
25
Let r be (9/6)/((-9)/(-414)). What is the highest common divisor of 23 and r?
23
Suppose 1237 + 833 = 23*h. What is the greatest common divisor of 1470 and h?
30
Let q(j) = 12 - 14 + 0*j**2 - j**2 - 6*j. Let u be q(-5). Calculate the highest common factor of 3 and u.
3
Let c be 340/187 + 2/11. Let j be ((-12)/15)/((-1)/100). Suppose c*s + 12 = -i + j, 2*i - 8 = 0. Calculate the highest common divisor of 4 and s.
4
Suppose 0 = -4*m - 141 + 1. Let l = m - -43. What is the greatest common divisor of 88 and l?
8
Let v be (-22)/(-2)*(-6 + 7). Let n(j) = -j**3 + 7*j**2 + 5*j + 9. Let h(d) = d. Let u be h(7). Let i be n(u). What is the highest common divisor of i and v?
11
Let h be 176 - (((-70)/5)/(-7) + 3). What is the greatest common divisor of h and 133?
19
Suppose 0 = 3*d - 2 - 7. Suppose 5*w - u = 27, -d*w - 5*u + 10 + 23 = 0. Calculate the highest common factor of 18 and w.
6
Suppose 12*h - 1559 = 385. What is the greatest common factor of 4 and h?
2
Let y be (4/(-8))/((-2)/(-68)). Let h(u) = u**3 + 6*u**2 + 5. Let o be h(-3). Let g = y + o. What is the greatest common divisor of g and 120?
15
Let d = -44 - -53. Suppose -1 = -3*f + 26. Calculate the highest common factor of f and d.
9
Let q(j) = j**3 - 10*j**2 + 22*j - 40. Let z be q(8). Let r = 4 - 0. What is the highest common factor of r and z?
4
Suppose 5*a - 38 = 12. Let y = -4284 + 4374. What is the greatest common divisor of y and a?
10
Let q be (-4)/7 - (-4 + 12478/(-7)). Calculate the greatest common divisor of 38 and q.
38
Let l be (-12)/(108/63) - -150. What is the greatest common factor of 247 and l?
13
Let m(h) = 2*h + 2. Let w be m(0). Let k(b) = -b**3 + 4*b**2 - 3*b + 3. Let i be k(2). Calculate the highest common factor of i and w.
1
Let d = 11 + -11. Suppose 5*s - 8 = s. Let v = d + s. Calculate the highest common factor of 16 and v.
2
Suppose q = -5*b + 3751, -11*b = -9*b + 2*q - 1502. Calculate the highest common divisor of b and 30.
30
Sup